der when 416 is divided by 28.
24
What is the remainder when 1280 is divided by 61?
60
Calculate the remainder when 14021 is divided by 342.
341
What is the remainder when 40 is divided by 4?
0
What is the remainder when 268 is divided by 88?
4
What is the remainder when 1036 is divided by 208?
204
Calculate the remainder when 526 is divided by 22.
20
Calculate the remainder when 39 is divided by 7.
4
Calculate the remainder when 64 is divided by 25.
14
What is the remainder when 53 is divided by 45?
8
Calculate the remainder when 288 is divided by 58.
56
What is the remainder when 3599 is divided by 45?
44
What is the remainder when 119 is divided by 59?
1
What is the remainder when 14470 is divided by 36?
34
What is the remainder when 99 is divided by 57?
42
Calculate the remainder when 1102 is divided by 167.
100
Calculate the remainder when 190 is divided by 18.
10
Calculate the remainder when 629 is divided by 30.
29
Calculate the remainder when 63 is divided by 8.
7
Calculate the remainder when 1858 is divided by 5.
3
What is the remainder when 567 is divided by 116?
103
Calculate the remainder when 28924 is divided by 452.
448
Calculate the remainder when 1328 is divided by 70.
68
Calculate the remainder when 137 is divided by 71.
66
Calculate the remainder when 1609 is divided by 13.
10
Calculate the remainder when 800 is divided by 313.
174
What is the remainder when 2974 is divided by 35?
34
Calculate the remainder when 291 is divided by 110.
71
What is the remainder when 3008 is divided by 275?
258
Calculate the remainder when 2549 is divided by 69.
65
Calculate the remainder when 40 is divided by 32.
8
What is the remainder when 79 is divided by 30?
19
Calculate the remainder when 444 is divided by 45.
39
Calculate the remainder when 85 is divided by 11.
8
What is the remainder when 298 is divided by 52?
38
Calculate the remainder when 77 is divided by 41.
36
What is the remainder when 1533 is divided by 101?
18
What is the remainder when 32 is divided by 8?
0
What is the remainder when 81 is divided by 13?
3
Calculate the remainder when 263 is divided by 19.
16
Calculate the remainder when 1528 is divided by 1524.
4
Calculate the remainder when 3967 is divided by 12.
7
What is the remainder when 1949 is divided by 6?
5
Calculate the remainder when 5010 is divided by 13.
5
What is the remainder when 299 is divided by 65?
39
Calculate the remainder when 61 is divided by 25.
11
What is the remainder when 12049 is divided by 10?
9
What is the remainder when 370 is divided by 37?
0
Calculate the remainder when 29 is divided by 3.
2
Calculate the remainder when 226 is divided by 33.
28
Calculate the remainder when 2950 is divided by 21.
10
What is the remainder when 6396 is divided by 237?
234
What is the remainder when 166 is divided by 81?
4
Calculate the remainder when 272 is divided by 59.
36
What is the remainder when 73 is divided by 38?
35
What is the remainder when 340 is divided by 9?
7
What is the remainder when 320 is divided by 50?
20
What is the remainder when 137 is divided by 97?
40
Calculate the remainder when 249 is divided by 5.
4
What is the remainder when 168 is divided by 43?
39
What is the remainder when 1118 is divided by 19?
16
Calculate the remainder when 348 is divided by 339.
9
What is the remainder when 75 is divided by 31?
13
Calculate the remainder when 131 is divided by 7.
5
Calculate the remainder when 39 is divided by 11.
6
Calculate the remainder when 116 is divided by 11.
6
What is the remainder when 4029 is divided by 42?
39
What is the remainder when 1878 is divided by 40?
38
Calculate the remainder when 627 is divided by 106.
97
What is the remainder when 17 is divided by 11?
6
What is the remainder when 530 is divided by 13?
10
Calculate the remainder when 27 is divided by 10.
7
What is the remainder when 481 is divided by 23?
21
What is the remainder when 3319 is divided by 58?
13
Calculate the remainder when 45 is divided by 13.
6
What is the remainder when 284 is divided by 108?
68
What is the remainder when 747 is divided by 247?
6
What is the remainder when 156 is divided by 53?
50
Calculate the remainder when 5300 is divided by 34.
30
Calculate the remainder when 67 is divided by 52.
15
Calculate the remainder when 1318 is divided by 32.
6
What is the remainder when 270 is divided by 68?
66
Calculate the remainder when 323 is divided by 36.
35
What is the remainder when 62 is divided by 23?
16
What is the remainder when 740 is divided by 153?
128
Calculate the remainder when 8960 is divided by 36.
32
Calculate the remainder when 35 is divided by 19.
16
What is the remainder when 13375 is divided by 91?
89
Calculate the remainder when 297 is divided by 43.
39
What is the remainder when 49 is divided by 30?
19
What is the remainder when 975 is divided by 1?
0
Calculate the remainder when 3359 is divided by 30.
29
Calculate the remainder when 1757 is divided by 80.
77
What is the remainder when 3993 is divided by 52?
41
What is the remainder when 243 is divided by 69?
36
What is the remainder when 296 is divided by 48?
8
What is the remainder when 125 is divided by 105?
20
What is the remainder when 1484 is divided by 60?
44
Calculate the remainder when 82 is divided by 19.
6
What is the remainder when 5046 is divided by 101?
97
Calculate the remainder when 714 is divided by 692.
22
What is the remainder when 7786 is divided by 236?
234
Calculate the remainder when 139 is divided by 31.
15
Calculate the remainder when 296 is divided by 20.
16
Calculate the remainder when 671 is divided by 28.
27
What is the remainder when 421 is divided by 108?
97
What is the remainder when 817 is divided by 20?
17
What is the remainder when 918 is divided by 13?
8
Calculate the remainder when 2989 is divided by 111.
103
What is the remainder when 191 is divided by 100?
91
What is the remainder when 165 is divided by 95?
70
What is the remainder when 237 is divided by 27?
21
Calculate the remainder when 941 is divided by 28.
17
What is the remainder when 23121 is divided by 185?
181
What is the remainder when 386 is divided by 2?
0
What is the remainder when 2042 is divided by 23?
18
Calculate the remainder when 3913 is divided by 28.
21
Calculate the remainder when 639 is divided by 35.
9
Calculate the remainder when 410 is divided by 172.
66
Calculate the remainder when 102 is divided by 15.
12
What is the remainder when 686 is divided by 341?
4
Calculate the remainder when 1798 is divided by 42.
34
What is the remainder when 223 is divided by 138?
85
Calculate the remainder when 776 is divided by 21.
20
Calculate the remainder when 104 is divided by 29.
17
Calculate the remainder when 86 is divided by 38.
10
What is the remainder when 63 is divided by 1?
0
Calculate the remainder when 26105 is divided by 38.
37
Calculate the remainder when 136 is divided by 20.
16
Calculate the remainder when 252 is divided by 73.
33
What is the remainder when 548 is divided by 195?
158
What is the remainder when 5059 is divided by 115?
114
Calculate the remainder when 40595 is divided by 12.
11
What is the remainder when 578 is divided by 74?
60
Calculate the remainder when 366 is divided by 37.
33
Calculate the remainder when 1179 is divided by 548.
83
Calculate the remainder when 672 is divided by 62.
52
Calculate the remainder when 1313 is divided by 30.
23
What is the remainder when 706 is divided by 5?
1
Calculate the remainder when 2777 is divided by 43.
25
What is the remainder when 1700 is divided by 339?
5
Calculate the remainder when 720 is divided by 225.
45
Calculate the remainder when 60 is divided by 25.
10
What is the remainder when 880 is divided by 50?
30
What is the remainder when 1909 is divided by 66?
61
What is the remainder when 1069 is divided by 345?
34
Calculate the remainder when 1203 is divided by 18.
15
Calculate the remainder when 750 is divided by 245.
15
What is the remainder when 2317 is divided by 10?
7
Calculate the remainder when 324 is divided by 86.
66
Calculate the remainder when 361 is divided by 99.
64
Calculate the remainder when 3295 is divided by 549.
1
What is the remainder when 1175 is divided by 584?
7
What is the remainder when 9 is divided by 6?
3
What is the remainder whe